e the prime factors of h(24)?
2, 7, 31
Let c(o) = o**3 + 13*o**2 + 9. Let g = -12 + -1. Let m be c(g). Suppose p - 31 + m = 0. List the prime factors of p.
2, 11
Let v be (0 + -1)*8*-1. Suppose -s + 9 = v. Suppose -o - s + 33 = 0. List the prime factors of o.
2
Suppose 0 = 10*i - 11*i + 593. What are the prime factors of i?
593
Let u(s) = s**2 - s - 6. Let m be u(6). List the prime factors of (-16)/m*-9*1.
2, 3
Let o(g) = g**3 + 4*g**2 + 3*g. Let k be o(-2). Suppose 4*v = -c + 78, 0 = 2*c - 5*c - k*v + 264. What are the prime factors of c?
2, 3, 5
Let h = 34 - 73. Let k = h - -115. List the prime factors of k.
2, 19
Let g = -83 - -83. Suppose 4*p + 0*p - 664 = g. List the prime factors of p.
2, 83
Suppose -k - 24 = -5*s + 6*s, -k + 5*s = 0. List the prime factors of 67/(2*(-5)/k).
2, 67
Suppose -2*w + 62*j = 57*j - 3558, 4*w - 2*j = 7084. What are the prime factors of w?
29, 61
Suppose 6*p = 4*p. Suppose -c + 19 = 5*q, 4*c + p*q - 5*q - 1 = 0. What are the prime factors of c?
2
Let p be (12/16)/((-2)/(-8)). Suppose 0*h - 8 = -3*h + 2*x, 3*x = p*h - 9. Suppose h*y + y - 156 = 3*q, 272 = 5*y - 2*q. List the prime factors of y.
2, 7
Suppose 2*f = 5*j + 29 + 28, 5*f - j - 85 = 0. Suppose 0 = 4*k + 4 - f. Suppose -2*i - 3 = 5*h - 54, 3*h = k. List the prime factors of i.
23
Suppose 2 - 6 = -y - 3*h, -5*h + 4 = 3*y. Let c(s) be the first derivative of -5*s**4/2 - 2*s**3/3 - 2*s**2 - 3*s + 3. List the prime factors of c(y).
7, 11
Let m = 9040 - 6449. List the prime factors of m.
2591
Let s(l) = 30*l**2 - 14*l - 13. What are the prime factors of s(-5)?
3, 269
Suppose -u - 1188 = -3*p, 9*u = 2*p + 4*u - 779. What are the prime factors of p?
397
Let l = 150 - 83. Suppose -4*s = -3*s - l. List the prime factors of s.
67
Let j(p) = -54*p + 29. List the prime factors of j(-12).
677
Suppose 2*x = -2*x + 12. Suppose -5*m + 2*r = -387, 2*m = -m - 5*r + 226. Suppose -x*q + m = -16. List the prime factors of q.
31
Let s be 3 + 2 + -1 - -11. Suppose 5*f + s = 10*f. Let n = 12 - f. What are the prime factors of n?
3
Let b(n) = -958*n + 13. What are the prime factors of b(-1)?
971
Let j be 5/((0 - -1)/1). Suppose -4*a + 772 = 4*o, 0*a + 4*a - 766 = 2*o. Suppose 0 = j*k + 42 - a. List the prime factors of k.
2, 3, 5
Let q(a) = -5*a - 2. Let y be q(-1). Suppose -u - y*t = -55, t + 2 - 191 = -3*u. List the prime factors of u.
2
Suppose 2*h + 0*h + 2 = 0, -3*h = 4*q - 4641. List the prime factors of q.
3, 43
Let i be (-1 + 61/(-3))/((-2)/(-12)). Let k = i - -224. List the prime factors of k.
2, 3
Let q(z) = 6*z**2 - 5*z - 2. Let f be q(4). Let n = f + -48. Suppose 192 = n*b - 22*b. List the prime factors of b.
2, 3
Let o = 141 - 133. Let t be (22/(-4))/(1/(-8)). Suppose -t = o*z - 10*z. What are the prime factors of z?
2, 11
Let p = -361 - -3967. What are the prime factors of p?
2, 3, 601
Let y(m) = m**3 - m**2 + 5*m + 3. Suppose 11 = 7*z - 17. What are the prime factors of y(z)?
71
Let y = 425 - -20. List the prime factors of y.
5, 89
List the prime factors of 355/(-8)*-13 + (-4)/(-32).
577
Suppose -36 + 56 = 5*c. Suppose c*m - 5*p = 512, -68 + 221 = m + 5*p. List the prime factors of m.
7, 19
Let z(y) = y**3 + 10*y**2 - 9. Let w be z(-11). Let v = 208 + w. List the prime factors of v.
2, 3, 13
Let p = 675 + -102. What are the prime factors of p?
3, 191
Suppose 4*w = 5*p + 55, -20 = w + 3*w. Let q = p - -17. List the prime factors of -8*((-13)/q - -2).
2, 3
Let z be (1 - 6)*(-6)/(-10). Let g(q) = -23*q - 10. List the prime factors of g(z).
59
Let a(v) = -v**3 + 7*v**2 - v + 9. Let m be a(7). Suppose -2*o = m*u - 122, 2*u = -5*o + 7*u + 305. List the prime factors of o.
61
Let z(u) = 3*u - 34. Let t be z(10). List the prime factors of 5/10*t*-137.
2, 137
List the prime factors of 2 - (-43 - ((-2)/1 - 1)).
2, 3, 7
Let y(q) = 10*q - 29. What are the prime factors of y(39)?
19
Suppose 2*z + 14 = z. Let f = z + 30. List the prime factors of f.
2
Let u(w) be the first derivative of -w**4/4 + 3*w**3 + 6*w - 6. What are the prime factors of u(7)?
2, 13
Suppose p - 3 = 0, 3*i - 5*p = -0*i + 525. List the prime factors of (6/(-5))/((-3)/i).
2, 3
Suppose 3*m = 3, 3*f - 5*m + 182 = 1395. What are the prime factors of f?
2, 7, 29
Let d(h) = -2*h**3 - 65*h**2 + 3*h - 35. List the prime factors of d(-33).
5, 191
List the prime factors of -19 + 20 - (-141 + 2).
2, 5, 7
Let k(d) = d**2 - 13*d + 24. Let v be k(11). Suppose v*w = 4*t - 928, 0*t - w - 232 = -t. List the prime factors of t.
2, 29
Let c(w) = 6*w**2 - w + 41. List the prime factors of c(11).
2, 3, 7
Let y = -947 + 1358. Suppose 0 = -3*a + w + y, -2*a - w + 3*w + 278 = 0. What are the prime factors of a?
2, 17
Let f(n) = 5*n**2 - 14*n + 61. List the prime factors of f(17).
2, 317
Let p(u) = -u**2 - 2*u - 6. Let s be p(0). Let i be -26 - 3/s*6. Let j = i - -51. List the prime factors of j.
2, 7
Suppose -124 = 27*v - 29*v. Let n = v - 43. List the prime factors of n.
19
Let t be (184/(-20))/((-4)/260). List the prime factors of t/22 + (-26)/143 - 0.
3
Let s be (-34)/(-3) - 2/(-3). What are the prime factors of s/(-9)*(-16 - (-1 - -3))?
2, 3
Let l(a) = 56*a + 2. Let h(z) = z. Let b(t) = -6*h(t) + l(t). List the prime factors of b(5).
2, 3, 7
Suppose -135562 = -39*a - 26323. What are the prime factors of a?
2801
Let r(u) = 2*u - 2. Let i be 4 + (2 - -4)/(-3). Let c be r(i). Suppose c*s = s + 3. What are the prime factors of s?
3
Let p(y) = -3*y**3 - 5*y**2 - 6*y - 8. List the prime factors of p(-5).
2, 17
Suppose 26*c + 2*w = 23*c + 4242, 4*w = -c + 1414. List the prime factors of c.
2, 7, 101
Let d = -712 - -2250. List the prime factors of d.
2, 769
Let v(n) = 2*n**3 - 2*n**2 - 7*n + 41. What are the prime factors of v(10)?
7, 11, 23
Suppose 0*b - b - 9 = 0. Let h = 12 + b. Let v = 24 + h. What are the prime factors of v?
3
Suppose -3*n + 3533 = -3511. List the prime factors of n.
2, 587
Let s = 641 + -338. Suppose -15*l = -18*l + s. List the prime factors of l.
101
Suppose r + 2*g - 2148 = 0, 3*r - g + 3418 = 9827. Suppose -r - 334 = -12*s. List the prime factors of s.
2, 103
Suppose 2*k = 5*k - 54. Suppose 16*i = k*i - 200. Suppose -v + 53 = h, -3*h + 5*h + 5*v = i. What are the prime factors of h?
5, 11
Let g be 3 - (6 + -2)/(-2). Suppose -g*b - 138 = -k + 10, -4*k + 70 = -2*b. List the prime factors of (-3)/(3/b) + 2.
31
Suppose 3 = 16*g - 15*g. Suppose -g*z - 27 = -2*q, q + 2*z = 15 + 9. List the prime factors of q.
2, 3
Let i be -23 - (-3)/(-3)*-1. What are the prime factors of 2/11 - 2416/i?
2, 5, 11
Let h(i) = 3*i + 2*i - 100 + 115 - i**2 + 7*i. What are the prime factors of h(11)?
2, 13
Let v be ((-5)/2 - 5)*(-4)/6. What are the prime factors of v*5/75 + 1312/6?
3, 73
List the prime factors of (-1696)/(-6) - 1/(-3) - 4.
3, 31
Suppose 0 = -3*y + 3*s + 9951, -16601 = -5*y + 11*s - 10*s. List the prime factors of y.
3, 41
Let x(i) = -i**2 + 9. Suppose 3*m + 0*m - 21 = 0. Let c = 7 - m. What are the prime factors of x(c)?
3
Let w = -30 - -37. Suppose -w*n - 152 = -11*n. List the prime factors of n.
2, 19
List the prime factors of ((-330)/(-20) + -12)*5488/12.
2, 3, 7
Let c(l) = 5*l**2 + 7*l + 17. List the prime factors of c(-13).
3, 257
Suppose 3*c - 47 = 2*y, c - 27 = 3*y - 2. Suppose l - c = -b, -b + 33 = 4*l - 10. Suppose -2*q = -5*w - 2, 2*w + 2 = l. What are the prime factors of q?
11
Let q = 42 + -38. List the prime factors of (2/q)/(1/26).
13
List the prime factors of 2367/(12/(-8)*(-2 + 1)).
2, 3, 263
Let y = -37 + 35. List the prime factors of -4 + 2 + -1 - 62*y.
11
Suppose -x + q + 14 = -2*q, 0 = -2*x + 2*q + 12. Suppose -2*f + 14 = -4*l, -2*f - x*f + 2*l = -16. Suppose -67 = -f*o - 22. List the prime factors of o.
3, 5
Let k be 0 + 1 + (924 - -11). Suppose -13*f + 5*f = -k. What are the prime factors of f?
3, 13
Suppose 8*p - 2045 = 1235. Suppose 5*v - p = -4*m, 4*v + 95 - 397 = 2*m. What are the prime factors of v?
2, 3, 13
Suppose 0 = 12*p - 5071 - 1061. List the prime factors of p.
7, 73
Suppose -13 + 1 = -3*j. Suppose 90 = 3*f - f + j*o, 4*o = 5*f - 155. What are the prime factors of f?
5, 7
Suppose 2*q - 4*j - 1979 = 2961, -4*q + 9880 = 2*j. What are the prime factors of q?
2, 5, 13, 19
Let d be 20/6*(8968/20 + -2). Suppose -9*t + d = 7*t. List the prime factors of t.
3, 31
Suppose p + 5 = 4*w + 79, 4